lculate the remainder when s is divided by 4.
1
Calculate the remainder when (-2)/8 - 3/((-48)/1268) is divided by 20.
19
Let x(c) = -20*c + 4 + 2 + 21*c. What is the remainder when 83 is divided by x(8)?
13
Let i = -23 - -113. Suppose 6*n - 103 = 179. Calculate the remainder when i is divided by n.
43
Suppose 6*v - 40 = v. Let g(d) = -7*d - 207. What is the remainder when g(-35) is divided by v?
6
Let p = -243 + 261. What is the remainder when 196 is divided by p?
16
Suppose 1128 = 5*x + 2*q + 100, 2*x - 5*q - 417 = 0. What is the remainder when x is divided by 43?
34
Let k(a) = -2*a**2 + 20*a + 2. Let f(v) = v + 1. Let i(c) = -5*f(c) + k(c). What is the remainder when 6 is divided by i(7)?
2
Let v(w) = w**3 + 12*w**2 - 13*w + 31. Calculate the remainder when 92 is divided by v(-13).
30
Let f(o) = 4*o**2 - 8*o + 5. Let h = -1651 + 1673. Calculate the remainder when f(5) is divided by h.
21
Calculate the remainder when 24 + 2 - (-13 - -19) is divided by 12/(-1)*(11 + -12).
8
Calculate the remainder when (-560)/(-14)*(-1 + 2) is divided by 24.
16
What is the remainder when 72 is divided by (-2*(0 - 1))/(78/741)?
15
Let o(c) = 4*c**2 + 18*c - 4. Let u be o(-5). Calculate the remainder when -235*u/8*(-12)/15 is divided by 36.
33
Let o = -367 - -386. Calculate the remainder when 108 is divided by o.
13
Suppose -29*s + 7*s = -682. What is the remainder when 114 is divided by s?
21
Calculate the remainder when 177/(-118)*(-88)/3 is divided by 12.
8
Suppose 2*l = -4*h + 56, -5*h + 2*l = -40 - 12. Suppose -p + h = 2*p. What is the remainder when (4 + (-32)/5)/(10/(-25)) is divided by p?
2
Let z(t) = 5*t**2 + 15*t + 9. What is the remainder when z(-7) is divided by 10?
9
Let z(d) be the second derivative of d**5/20 + 7*d**4/12 + d**3 - 7*d**2/2 - 2*d. Calculate the remainder when (6/(-8)*(-384)/(-8))/(-1) is divided by z(-5).
10
Let i(m) = m - 36. Let y(v) = -5. Let x(q) = 5*i(q) - 35*y(q). Let t be x(6). Let w = 35 - t. Calculate the remainder when 18 is divided by w.
8
Let u = -231 - -282. Suppose -5*y - 4*r = -989, -5*r - 623 = -2*y - y. What is the remainder when y is divided by u?
48
Suppose -3*k - 5*c + 4*c = -164, -3*k + 2*c = -176. Calculate the remainder when k is divided by 18.
2
Suppose -8 = -3*m + 2*m. Suppose 4*t = 3 - 11. Calculate the remainder when (t + 18/(-5))*(-10)/4 is divided by m.
6
Suppose 4*o - c = 5*o - 4, -o - 4 = -3*c. Let p(u) = 8*u - 3*u + 2 + 1 + o*u. Calculate the remainder when p(5) is divided by 13.
12
Calculate the remainder when 91 is divided by (-7)/2*2496/(-182).
43
Suppose 168 = 4*v - v. Suppose 3*y + 7*j = 3*j + 43, -4*y + v = 5*j. Suppose -16*p + 459 + 113 = 6*p. Calculate the remainder when p is divided by y.
8
Let p(g) = -g**2 - 14*g - 13. Suppose -20 = -4*l - 60. Let m be p(l). Calculate the remainder when 8/(-36) + 978/m is divided by 13.
10
Suppose 0*w + 2*w = 12. Suppose 4 = -3*l + 5*l. Suppose 0 = l*z + 13 - 47. What is the remainder when z is divided by w?
5
Suppose -4*t - 149 + 237 = 4*c, -5*t = -4*c - 119. Calculate the remainder when 661 is divided by t.
17
Let q = 69 + 67. What is the remainder when q is divided by 20?
16
Let j be -2 + 2*(-114)/(-4). Let y = j + -17. Let a = 65 - y. What is the remainder when a is divided by 7?
6
What is the remainder when -6 + 524 + (6 - -1) is divided by 33?
30
Suppose -7*w + 51 = -348. Suppose 0 = 4*l + 13 - 157. Let f = w - l. What is the remainder when f is divided by 13?
8
Suppose -u = -4*u + 30. What is the remainder when ((-576)/(-176))/((-4)/(-22)) is divided by u?
8
Let x = -705 + 714. Calculate the remainder when 259 is divided by x.
7
Let c(l) = l**2 - 8*l - 12. Let p be c(9). Suppose 3*q - q - 2*o = 60, -4*q = o - 145. What is the remainder when q is divided by p + 16 + (-2 - 2)?
8
Suppose 5*i + 0*i = 150. Suppose 3*k + i = 5*k. Suppose s - 6 = -2*m, 5*s + 4*m - 69 = -k. What is the remainder when 53 is divided by s?
11
Let p(z) = z**2 - 4*z + 13. Suppose 0*n + 30 = 5*n - g, 2*n = -3*g + 12. What is the remainder when 47 is divided by p(n)?
22
Let i be -1 - (3 + -8) - -24. Suppose -3*y - i = -196. Let a = -37 + y. Calculate the remainder when a is divided by 7.
5
Suppose 3*b + 3 = 18. Calculate the remainder when (315/28)/(-15)*-36 is divided by b.
2
Let g = 563 + -225. Calculate the remainder when g is divided by 68.
66
Suppose -3*r - 19 = -148. Suppose -26*s = -28*s + 86. Suppose 5*m - 58 = -3*k, -3*k + 4*m + s = 6*m. What is the remainder when r is divided by k?
10
Let x = -138 - -173. What is the remainder when 174 is divided by x?
34
Let j = 25 + -22. Suppose -9 = -j*d + 2*d. What is the remainder when d + 2 + (0 - -1) is divided by 5?
2
Let p(j) = -j**2 + 7*j + 11. What is the remainder when 31 is divided by p(8)?
1
Suppose -7*t = -2*t - 75. Let r(v) = 5*v - 36. Let j be r(-9). What is the remainder when 18*(j/30 + 3)*5 is divided by t?
12
Let g = -1 + 6. Suppose -g*o + 20 = -o, -3*b - 113 = -o. What is the remainder when 10 is divided by b/27*9/(-2)?
4
Suppose t + 229 = 3*x, 5*x = 2*t + 145 + 235. Calculate the remainder when 96 is divided by x.
18
Suppose 0*y = 5*y - 4*d - 212, -2*y + 2*d = -86. What is the remainder when 599 is divided by y?
39
Suppose -54*q + 58*q - 8 = 0. Suppose -y = -u - 15, q*y + u - 45 = -0*y. Calculate the remainder when 78 is divided by y.
18
Let m = -8 - -7. Let y(k) = -39*k. Calculate the remainder when y(m) is divided by (15 + (-39 - 4))/(-1 - 1).
11
Suppose 4*s - 2*s = -8, -4*i = -5*s + 12. Let a be 16/6 + i/12. Suppose 7 = 3*v - a*v. Calculate the remainder when v is divided by 3.
1
Let c = -28 + 62. What is the remainder when 154 is divided by c?
18
Let g = -310 + 323. What is the remainder when 101 is divided by g?
10
Let q(c) = -2*c**3 - c**2 + 3*c + 1. Calculate the remainder when 45 is divided by q(-2).
3
Let m(l) = -l**2 - 6*l + 2*l**2 + 2*l - 7. Let j = 28 + -14. What is the remainder when m(10) is divided by j?
11
Suppose 75 + 17 = 4*n. What is the remainder when 87 is divided by n?
18
Suppose -v - 8 = -89. Calculate the remainder when v is divided by 28.
25
Suppose -3*f + 100 = 2*p - 4*p, 0 = 3*f + 3*p - 120. Suppose y = 4*a - 41, 15 = a + 5*y - 10*y. What is the remainder when f is divided by a?
6
Suppose -20 - 12 = 8*o. Calculate the remainder when ((-94)/8)/(o/16) is divided by 7.
5
Suppose 3*n = 2*o + 71, 3*o + 10 = 5*o. Let u = 75 - n. Suppose -u = 3*j - 7*j. What is the remainder when 23 is divided by j?
11
Suppose -u + 2*v + 8 = -v, -5*u + 73 = -4*v. Suppose -3*r + 2*h = 2*r - 231, -r + 43 = -2*h. Calculate the remainder when r is divided by u.
13
Let f = -117 - -131. What is the remainder when 123 is divided by f?
11
Let d be (-11)/(-44) + 30/8. Suppose d*l - 33 = -q, 2*q - 10 - 20 = -4*l. What is the remainder when 80 is divided by (25 + 2)/(9/l)?
26
Let i(g) = 5*g**2 + 4*g - 12. Let z be i(-5). Calculate the remainder when (-27)/18 - z/(-2) is divided by 15*2*(-6)/(-15).
9
Let p(v) = 25*v + 40. What is the remainder when p(-1) is divided by (-37)/(-7) - 4/14?
0
Suppose -a + 40 = -13. What is the remainder when a is divided by (11/(44/(-24)))/((-4)/18)?
26
Let d(p) = -5*p + 5*p**2 + 3*p + 7*p**2 + p. Suppose 4*m - 86 = 2*m. What is the remainder when m is divided by d(1)?
10
Let b be (-1 + 1)/((-16)/(-8)). Calculate the remainder when (96/(-10) + b)/(21/(-70)) is divided by 7.
4
Calculate the remainder when (-987)/(-9) - 20/30 is divided by 72.
37
Suppose 2*j + 0*j = 36. Calculate the remainder when (3293/(-74))/(1/((-4)/2)) is divided by j.
17
Suppose 28*r = -40*r + 5644. Let m = 109 + -67. What is the remainder when r is divided by m?
41
What is the remainder when 117 is divided by 210/4 + (-4)/8?
13
Let b(c) = -c**2 - 16*c - 9. Let g(q) = -q**2 - 20*q - 34. What is the remainder when g(-17) is divided by b(-15)?
5
Suppose 7 + 3 = 5*r. Suppose 5*c + n - r*n - 8 = 0, -5*n + 10 = 0. Suppose 8 = -4*t, -m + t + c = -3. What is the remainder when 10 is divided by m?
1
Let j be (-111)/6*2/1. Let o = j + 60. Suppose 6*p - 22 - 50 = 0. Calculate the remainder when o is divided by p.
11
Let p = 10 - 3. Suppose 62 = 5*b + 4*s, -b - 4*s + p = -5*s. Suppose -59*a - 2*t = -57*a - 28, -5*a + 94 = -t. What is the remainder when a is divided by b?
8
Let d(j) = -j**3 + j**2 - j - 1. Let b be d(-1). Suppose b*